in base 4?
101213
Convert 3165 (base 7) to base 8.
2145
What is 2220 (base 3) in base 12?
66
Convert -118 (base 10) to base 15.
-7d
-1bd93 (base 14) to base 6
-1305553
What is -55bd (base 14) in base 4?
-3220103
1390 (base 13) to base 7
11140
-901 (base 11) to base 9
-1441
What is -786 (base 10) in base 2?
-1100010010
Convert 47a1 (base 14) to base 9.
18116
What is -211122202 (base 3) in base 5?
-1012032
-10110001001010 (base 2) to base 6
-124254
What is -141 (base 7) in base 2?
-1001110
What is -152201 (base 6) in base 13?
-6946
Convert b71 (base 13) to base 16.
79f
-305 (base 8) to base 16
-c5
Convert -563 (base 12) to base 2.
-1100011011
5c86 (base 13) to base 8
31503
Convert -2924 (base 10) to base 11.
-2219
Convert 1240 (base 8) to base 6.
3040
Convert -10566 (base 7) to base 15.
-be9
Convert -243566 (base 7) to base 3.
-2021002122
Convert -3021243 (base 5) to base 11.
-33340
What is -1101100010101 (base 2) in base 6?
-52033
1406 (base 13) to base 9
3848
Convert 11110010000 (base 2) to base 4.
132100
22032 (base 4) to base 3
220020
Convert -30022210 (base 4) to base 7.
-265162
What is 41355 (base 6) in base 5?
134133
Convert -11110000001000 (base 2) to base 16.
-3c08
-11030 (base 4) to base 5
-2312
What is 11234 (base 5) in base 6?
3443
Convert -1000110101111 (base 2) to base 8.
-10657
Convert -1101021 (base 4) to base 15.
-1813
2873 (base 13) to base 5
141330
Convert -605 (base 7) to base 15.
-14e
What is 152324 (base 8) in base 2?
1101010011010100
What is -304 (base 15) in base 10?
-679
-3 (base 13) to base 7
-3
16258 (base 9) to base 5
324100
-212001 (base 4) to base 15
-ac3
What is -10415 (base 6) in base 11?
-10aa
32101 (base 4) to base 10
913
a36 (base 16) to base 3
10120211
What is 1672 (base 12) in base 11?
2015
What is 1a87 (base 14) in base 15?
1668
Convert -167 (base 16) to base 6.
-1355
What is -34c (base 15) in base 4?
-23223
-10100010011010 (base 2) to base 13
-4967
What is -1120102 (base 3) in base 2?
-10001111001
-28322 (base 9) to base 4
-10230101
Convert -1469 (base 11) to base 15.
-860
What is -266 (base 9) in base 10?
-222
Convert -6247 (base 8) to base 11.
-2485
What is -20235 (base 6) in base 15?
-be2
What is 251 (base 11) in base 13?
19c
1552 (base 11) to base 4
133021
What is 100 (base 12) in base 11?
121
2123002 (base 4) to base 11
7500
c5b (base 13) to base 5
31404
What is 6453 (base 7) in base 4?
203310
Convert -100000101 (base 2) to base 16.
-105
Convert 550 (base 10) to base 7.
1414
What is 1b86 (base 12) in base 11?
2624
What is 54dc (base 15) in base 13?
8253
334 (base 12) to base 2
111011000
-21242 (base 5) to base 14
-755
Convert 102141 (base 6) to base 10.
8269
What is 31231 (base 5) in base 15?
92b
-12440 (base 6) to base 11
-1474
Convert -140332 (base 8) to base 10.
-49370
Convert 126 (base 8) to base 10.
86
Convert -3101 (base 4) to base 9.
-252
Convert 1000011110 (base 2) to base 7.
1403
Convert 201122 (base 3) to base 7.
1355
What is -141143 (base 5) in base 8?
-13246
-33452 (base 6) to base 14
-1a08
Convert 10111101010100 (base 2) to base 14.
45b6
What is b48 (base 12) in base 14?
852
What is 39b (base 14) in base 5?
10400
a5bd (base 14) to base 4
12332223
500 (base 11) to base 13
377
2351 (base 6) to base 15
281
Convert 5178 (base 10) to base 5.
131203
-604 (base 8) to base 10
-388
What is -ab7 (base 14) in base 16?
-849
-20125 (base 6) to base 10
-2645
Convert 131202 (base 4) to base 13.
b25
Convert 14338 (base 10) to base 4.
3200002
5013 (base 6) to base 4
101001
Convert -1031 (base 10) to base 12.
-71b
-10101100101101 (base 2) to base 8
-25455
What is 193 (base 15) in base 10?
363
Convert -11032 (base 9) to base 15.
-227e
3433 (base 6) to base 11
67a
11010 (base 5) to base 8
1363
What is -19b (base 15) in base 12?
-26b
What is -21a6 (base 16) in base 14?
-31d4
What is -138 (base 15) in base 10?
-278
What is -23013 (base 4) in base 5?
-10321
What is 1100121 (base 3) in base 8?
1734
Convert -1670 (base 8) to base 14.
-4c0
Convert -11031 (base 7) to base 3.
-10210110
What is -5133 (base 15) in base 2?
-100001011111100
Convert -56 (base 9) to base 3.
-1220
Convert -1320320 (base 4) to base 11.
-58a3
7a7 (base 11) to base 5
12324
b7 (base 13) to base 7
303
What is 3217 (base 12) in base 15?
1961
Convert 1126 (base 16) to base 10.
4390
-7557 (base 8) to base 9
-5370
What is -20443 (base 6) in base 11?
-2092
-14220 (base 8) to base 9
-8556
312063 (base 7) to base 11
37265
-674 (base 8) to base 5
-3234
Convert -1100102222 (base 3) to base 6.
-322555
What is -4321 (base 12) in base 11?
-559a
What is -3550 (base 8) in base 15?
-866
Convert -1311332 (base 4) to base 2.
-1110101111110
-344032 (base 5) to base 6
-133212
-562 (base 15) to base 14
-62d
-253152 (base 6) to base 16
-58dc
What is 566 (base 14) in base 9?
1418
What is 113 (base 12) in base 9?
186
1416 (base 8) to base 13
482
Convert -378 (base 10) to base 13.
-231
Convert 117 (base 11) to base 14.
9d
Convert 1561 (base 7) to base 10.
631
What is 126c (base 14) in base 10?
3232
What is -1648 (base 12) in base 5?
-41043
What is -625 (base 11) in base 16?
-2f1
What is -32b (base 14) in base 3?
-212020
Convert -70367 (base 9) to base 15.
-da71
Convert -13426 (base 7) to base 8.
-7076
Convert -12622 (base 12) to base 8.
-60772
What is 1143 (base 6) in base 4?
10113
What is -11431 (base 9) in base 14?
-2adc
What is -552 (base 14) in base 8?
-2034
Convert -4470 (base 9) to base 14.
-12bd
What is -20155 (base 6) in base 5?
-41123
What is 1655 (base 8) in base 12?
665
-914 (base 10) to base 5
-12124
What is -43014 (base 7) in base 15?
-3249
Convert -10012 (base 4) to base 11.
-219
Convert -1359 (base 12) to base 8.
-4265
-5c17 (base 16) to base 6
-301051
Convert 2120232 (base 4) to base 3.
111102000
What is -14340 (base 5) in base 14?
-632
What is 234441 (base 5) in base 3?
102222221
What is -1934 (base 13) in base 15?
-11ab
-16656 (base 7) to base 12
-2936
What is 543255 (base 6) in base 15?
d42e
What is -431 (base 11) in base 8?
-1006
What is -6189 (base 16) in base 11?
-1783a
What is 681a (base 13) in base 16?
38dd
15750 (base 13) to base 8
117532
What is c31 (base 15) in base 4?
222322
Convert 11112001 (base 3) to base 15.
e9a
Convert -6504 (base 7) to base 2.
-100100000011
What is -30222 (base 5) in base 7?
-5435
What is -93 (base 10) in base 11?
-85
What is 246 (base 13) in base 10?
396
Convert -1462 (base 10) to base 8.
-2666
What is -180 (base 14) in base 7?
-620
Convert 240 (base 9) to base 5.
1243
97c (base 16) to base 3
10022221
15da (base 16) to base 11
4226
Convert -20526 (base 8) to base 16.
-2156
What is b7 (base 15) in base 7?
334
-27099 (base 10) to base 5
-1331344
-348 (base 13) to base 11
-476
What is 278 (base 15) in base 12?
3ab
What is -aa1 (base 13) in base 4?
-130131
-d57 (base 15) to base 4
-232333
What is 2010011 (base 3) in base 13?
919
Convert 13a2 (base 15) to base 3.
12202122
-7103 (base 11) to base 7
-36345
What is 165a (base 13) in base 3?
11111201
What is -531 (base 8) in base 14?
-1a9
Convert 10010110011 (base 2) to base 3.
1122120
1032 (base 10) to base 16
408
What is 5931 (base 15) in base 5?
1101241
Convert -147 (base 12) to base 6.
-531
What is 2406 (base 7) in base 13?
534
What is -5699 (base 10) in base 3?
-21211002
-9027 (base 11) to base 3
-121110202
What is 120213 (base 4) in base 10?
1575
422 (base 7) to base 12
158
What is -22734 (base 11) in base 7?
-164465
Convert -517 (base 12) to base 13.
-44b
What is 494 (base 10) in base 13?
2c0
-1013103 (base 4) to base 15
-1543
415 (base 9) to base 5
2323
-933 (base 14) to base 2
-11100010001
Convert -22020 (base 10) to base 15.
-67d0
Convert -2102323 (base 4) to base 10.
-9403
Convert 12443 (base 5) to base 14.
514
Convert 110001100 (base 2) to base 7.
1104
-1111001001011011 (base 2) to base 6
-1155123
Convert -16309 (base 10) to base 3.
-211101001
32300 (base 9) to base 5
1141014
What is -53452 (base 6) in base 14?
-293a
Convert 3bd (base 14) to base 11.
627
Convert -1032012 (base 5) to base 14.
-6685
What is -15c7 (base 14) in base 8?
-7473
What is 11223 (base 5) in base 8?
1455
Convert 3a41 (base 11) to base 8.
12200
4a3 (base 15) to base 4
100131
2285 (base 9) to base 15
782
What is -1ca (base 15) in base 9?
-511
What is 11100000101 (base 2) in base 7?
5145
Wha